(b) be the second derivative of -b**3/6 + 7*b**2/2 + 2*b. Let s be k(3). Let f = 16 - s. What are the prime factors of f?
2, 3
Suppose -n = -d - 11 - 2, 4*d = n - 64. Suppose 0*b - 16 = 2*b. Let m = b - d. What are the prime factors of m?
3
Let z = -20 + 49. What are the prime factors of z?
29
Suppose q = 2*q. What are the prime factors of q/1 + 8 + 6?
2, 7
Suppose -4*g + 35 = -17. List the prime factors of g.
13
Suppose -4*u - 125 = -13. List the prime factors of (8/(-6))/(u/798).
2, 19
Suppose 66 = 7*o - o. List the prime factors of o.
11
Let t be -2 + (45/(-3) - -1). Let r = t - -22. List the prime factors of r.
2, 3
Let s(r) = -6*r + 3*r + 4 + 2*r. Let d be s(3). What are the prime factors of (d - 0)*(7 + 1)?
2
Let y be (-1 + 44/20)*-5. Suppose 100 = 4*a + 24. Let m = y + a. List the prime factors of m.
13
Suppose 3*g = 17 + 4. Let w = -3 + 4. Suppose 3*b - g = -w. List the prime factors of b.
2
Suppose 6 - 58 = -2*p. Let f = 7 + p. What are the prime factors of f?
3, 11
Let t = -8 + 11. Suppose -4*l + 59 = x, 25 = t*x - 8*x. What are the prime factors of l?
2
Suppose 0 = 3*o - 4 - 71. What are the prime factors of o?
5
Let i be ((-7)/2)/(2/(-24)). Suppose 0 = 2*g - 2*h - 3*h - i, -3*h = 2*g - 26. List the prime factors of g.
2
Suppose -r - 3 = 2*c, 4*c - 5*r + 15 = -c. Let p be c/(-3) - (-4)/12. What are the prime factors of (-1)/p + 8/1?
7
List the prime factors of 1/((-3)/(-12 - 0)).
2
Let k be -117*(-1 + (-3)/(-9)). Let i = -45 + k. List the prime factors of i.
3, 11
Let f be (-84)/(-10) - 4/10. Let y(d) = 2*d - 8. Let l be y(4). Let v = f - l. What are the prime factors of v?
2
Let y(l) = 2*l**2 + 4*l + 5. What are the prime factors of y(-5)?
5, 7
Suppose 3*d + 4*g = 8, g + 3 = 5. Let s(r) = r**3 + r**2 - r + 10. What are the prime factors of s(d)?
2, 5
Suppose -f - 2*f - 1166 = -4*n, -2*n - f + 578 = 0. What are the prime factors of n?
2, 5, 29
Let y = -163 - -275. What are the prime factors of y?
2, 7
Let g(k) = k**2 + 5*k + 3. What are the prime factors of g(5)?
53
Suppose 0 = -0*t - 3*t + 306. List the prime factors of t.
2, 3, 17
Let k be 3/(9/2)*3. Suppose k*d - 80 = -2*d. Suppose -d - 25 = -5*y. List the prime factors of y.
3
Let s(y) = -y**2 - 12*y - 13. List the prime factors of s(-7).
2, 11
Let d = 2 - 2. List the prime factors of (-5 + d)*(1 + -3).
2, 5
Let j(p) = -p**2 + 9*p. Let i be j(7). Let q = -7 + i. What are the prime factors of q?
7
Suppose m = f + 7, 4*f - 4*m + 34 = -3*m. Let v = f + 22. What are the prime factors of v?
13
Suppose 3*c + 6 + 8 = 5*g, -2*c + g = 0. List the prime factors of 1/c*(2 - -12).
7
Let n(w) be the third derivative of -w**6/120 - w**5/15 - 5*w**4/24 - w**3/3 + w**2. Let y be n(-3). List the prime factors of (-6)/(2/y + -2).
2
Suppose 2*w - 3 = -23. Let o = 4 - w. What are the prime factors of o?
2, 7
Suppose 8*g = 1974 + 402. What are the prime factors of g?
3, 11
Let x = -20 - -24. Suppose 0 = -h + x*h - c - 36, -c = -2*h + 23. List the prime factors of h.
13
Suppose -81 = 4*v - 33. List the prime factors of ((-124)/(-16))/((-3)/v).
31
Suppose 0 = n + 2*n. Let w be (n - -28)/2 + -1. Suppose w + 7 = 2*d. What are the prime factors of d?
2, 5
Let t = -16 - -34. List the prime factors of t.
2, 3
Let b = -10 + 19. Suppose 4*o - 15 = b. What are the prime factors of 61/3 + 4/o?
3, 7
Let y(c) = -4*c. What are the prime factors of y(-8)?
2
Let o = -18 - -82. What are the prime factors of o?
2
Let t = 39 - 14. Suppose 0 = -3*b + 2*b + 5*i - t, 0 = -b - 4*i + 2. What are the prime factors of (8/b)/((-1)/20)?
2
Let l(k) = k**3 - 4*k**2 + 5*k - 2. Let s be l(4). Let r = s + -9. What are the prime factors of r*(21/9 + -2)?
3
Let z(l) = -l**3 + l + 19. Let g(x) = x**3 + 5*x**2 - 5*x + 6. Suppose -2*f - 2*f - 24 = 0. Let n be g(f). What are the prime factors of z(n)?
19
List the prime factors of -120*(3/6)/(2/(-4)).
2, 3, 5
Suppose -u = -3*u - 36. List the prime factors of 127/6 + 3/u.
3, 7
Let a be -4 - (-3 + 1 - 1). What are the prime factors of a - 0 - (-19)/1?
2, 3
Let q(l) = l**2 + 5*l - 3. Let s(h) = -3*h - 2. Let i be s(-2). Let x be q(i). Suppose 0 = 5*z - t - x, -5*t = -3*t - 4. List the prime factors of z.
7
Let q(p) = 338*p + 6. What are the prime factors of q(1)?
2, 43
Suppose 0 = -7*p + 3*p + 20. Suppose -a = k + 1, -p*a - 33 = 3*k - 5*k. List the prime factors of k.
2
Suppose 0 = c + 2*q - 21, 0*q - 77 = -5*c - 3*q. What are the prime factors of c?
13
Let d(s) = -s + 1. Let q(w) = -w**3 - 6*w**2 + 8*w + 2. Let v be q(-7). What are the prime factors of d(v)?
2, 3
Let i(x) = x + 6. Let n be i(-6). Let h = n + 0. List the prime factors of (h - -1) + -1 + 7.
7
Let l = 16 - 10. Suppose -3*f - 2 = 4*s, 1 - 5 = -5*f - 3*s. Suppose l = m + f*o, 0*o - o = -2*m + 2. What are the prime factors of m?
2
Suppose -5*n + 954 = -91. What are the prime factors of n?
11, 19
Suppose -3*i = -15 - 213. Let l = i - 50. What are the prime factors of l?
2, 13
Let y(a) = a**2 + 37. List the prime factors of y(-15).
2, 131
Let n(p) = 3*p**3 - 4*p**2 + 2*p - 4. What are the prime factors of n(3)?
47
Let b = 15 - -45. List the prime factors of 6/(-12)*b/(-1).
2, 3, 5
Let l = -6 + 2. Let u = l + 6. Let c = u - 0. What are the prime factors of c?
2
Let c(q) be the third derivative of -q**5/60 + q**4/3 - 7*q**3/6 - q**2. Suppose 4*j = 5 + 15. What are the prime factors of c(j)?
2
Suppose 3*f - 4*h = 69, -2*h + 66 = 3*f - 5*h. Suppose -2*v - 3 = -f. List the prime factors of (6*3)/(12/v).
2, 3
Let s = 19 - 14. Suppose 6 = 2*p - 0, 0 = -s*w + 2*p + 154. What are the prime factors of w?
2
Let l be (-7 - -4)*(0 - -2). Let z be (-1 - -1)/(l - -5). Suppose 2*q + 2 - 14 = z. List the prime factors of q.
2, 3
What are the prime factors of (-6)/(-9)*(-2163)/(-14)?
103
Let q(k) = k**3 + 6*k**2 - 7*k + 3. Let b be q(-7). Suppose -4*n + 15 + 9 = 2*m, -b*n - 3*m = -18. List the prime factors of n.
2, 3
Suppose -10 = 4*v - 42. List the prime factors of v.
2
Let b(s) = 2*s - 6 + 1 + 1. List the prime factors of b(9).
2, 7
Let o be (0 + -1 - 4) + -2. Let h be (-6)/o*(1 + -8). List the prime factors of (-5)/(-15) + (-22)/h.
2
Let d be (-3)/(-1 + (-4)/2). Suppose d = 2*m - 3. What are the prime factors of m?
2
Suppose -4*x + 7*x - 87 = -3*y, 3*x = -2*y + 86. What are the prime factors of (x/12 + -2)*135?
3, 5
Let y(o) = 2*o**2 - 7*o + 5. Let v be y(4). List the prime factors of -27*(6/v + -1).
3
Suppose -5*f + 1 = 6, 5*f = -5*i. Suppose -10 = -t + i. What are the prime factors of t?
11
Let o be -3 + 1 + 2 + 32. Let j = 54 - o. What are the prime factors of j?
2, 11
Let h = 53 - 26. Suppose 0 = -5*u + h + 33. List the prime factors of u.
2, 3
Let q = 80 - 52. What are the prime factors of q?
2, 7
Let m(k) be the third derivative of k**4/8 - 4*k**3/3 - 4*k**2. List the prime factors of m(8).
2
Let s = 34 - 3. Let h = -19 + s. Let l = -6 + h. What are the prime factors of l?
2, 3
Let k(g) = 3*g + 1 - 3*g**2 - g**3 + 2 + 0*g. Let t be (-17)/4 - (-1)/4. List the prime factors of k(t).
7
Let u = 255 + 146. What are the prime factors of u?
401
Suppose 4*c = c + 6, 0 = h + 3*c - 48. Let i = 80 - h. List the prime factors of i.
2, 19
Let j = -39 + 76. List the prime factors of 4/26 + j/13.
3
Let w(f) = 2*f - 1. What are the prime factors of w(6)?
11
Suppose 0 = -2*f - 5*t - 6, -t - 4 = -f - 0*t. List the prime factors of f.
2
Suppose -45 + 5 = 5*i - 4*q, 0 = -q. Let m = i + 11. Suppose -k + 3*k - m*y - 25 = 0, k = -4*y - 4. What are the prime factors of k?
2
Let b(w) = -w**2 + w + 4. Suppose -6*x + 16 = -2*x. Let y = x - 4. What are the prime factors of b(y)?
2
Suppose -18 = -5*s + 2*d, -2*s + 4*d = s - 8. Suppose 4*w = -s, -5*t - 3*w + 7 + 0 = 0. Suppose -t*p + 8 = x + 1, 0 = 4*x + p - 14. List the prime factors of x.
3
Let d(k) = -3*k + 3. Let z be d(2). What are the prime factors of (3/z)/(2/(-34))?
17
Suppose 2*j = 56 + 134. What are the prime factors of j?
5, 19
Let t = -3 + 1. What are the prime factors of 3/t*16/(-6)?
2
Let h be (-2 - 3)*-1 + 3. Suppose -h = -3*n - n. What are the prime factors of n?
2
Let o(r) be the second derivative of r**5/20 - 5*r**4/12 - r**3 + 5*r**2/2 - 2*r. Let d be o(6). Suppose 3*m + 24 = d*m. List the prime factors of m.
2, 3
Let q = 63 - 53. Let z be 6*1*4/(-6). Let g = q - z. What are the prime factors of